s the remainder when o is divided by 2?
0
Suppose -30 = -3*z - 3*n, -2*z = -6*n + n - 27. Let t(f) = -3*f + 2. Suppose 4*y + 12 = 2*y. What is the remainder when t(y) is divided by z?
9
Let k(d) = 19*d - 2. What is the remainder when 65 is divided by k(1)?
14
Suppose 5*b + 0*b - 40 = -5*q, -2*q + 7 = -b. Calculate the remainder when 8 is divided by b.
2
Let p(l) = -l**2 - 9*l + 4. Calculate the remainder when ((-66)/(-8))/((-1)/(-4)) is divided by p(-7).
15
Suppose -1 = 3*f + 3*h - 64, -3*f + 3*h + 69 = 0. Suppose -4*i + 6*i - 24 = 0. What is the remainder when f is divided by i?
10
Suppose -4*m + n = -59, m - 16 - 15 = -3*n. What is the remainder when m is divided by 2*(-156)/(-32) + 9/(-12)?
7
What is the remainder when 1746/102 + (19/(-17) - -1) is divided by 6?
5
Suppose -4*g = -u - 11, -5*u + 45 = -3*g + 8*g. Suppose 2 = o - g*o - 2*x, 3*o = 4*x + 22. Calculate the remainder when 2 is divided by o.
0
Let j(g) = -g**2 + g + 7. Let y be j(0). Suppose y*z - 120 = 2*z. What is the remainder when z is divided by (3 + -3 - 1) + 14?
11
Let v(x) = -x**2 + 8*x + 11. Let y be v(9). Calculate the remainder when 1*32 - (-1 - 0) is divided by y/4 + 46/4.
9
Calculate the remainder when 146 is divided by -3*((-4)/4 - (-47)/(-3)).
46
Calculate the remainder when 38 is divided by -22*((-1 - -3) + (-10)/4).
5
Suppose -y - 40 = 4*y. Calculate the remainder when 23 is divided by (2 - 4)/2*y.
7
What is the remainder when (39 + 11)/(4/10) is divided by 33?
26
Let q(s) = -s - 2. Let w be q(-7). Suppose 9*r = w*r + 20. What is the remainder when 8 is divided by r?
3
Let a(z) = z + 6. Let y be a(-5). Suppose 3*k = -3*p + 26 + 25, y = p. Suppose -4*m = -k - 8. What is the remainder when 17 is divided by m?
5
Let y be (-4 + 3)/(2/28). Let v = 33 + y. What is the remainder when 36 is divided by v?
17
Suppose -23 = 88*u - 89*u. Let t(g) = 4*g - 2. What is the remainder when u is divided by t(2)?
5
Suppose -774 = -10*j + 36. Calculate the remainder when j is divided by 28.
25
Let t(v) = -v. Let d be t(-4). Suppose 2 + 26 = d*j. What is the remainder when j is divided by 5?
2
Let j(t) = t**2 - t - 11. What is the remainder when j(6) is divided by 5?
4
Let z = -19 + 28. Calculate the remainder when 25 is divided by z.
7
Let n(p) = p - 1. Calculate the remainder when n(10) is divided by 3 + (4 - (-3 + 8)).
1
Let z = -4 + 12. Suppose -s = -4*s. Suppose 5*i - 61 = 3*n, -n - 4*n + 15 = s. Calculate the remainder when i is divided by z.
6
Suppose -2*k = -5*x + 6, 0*k - 4*k + 3*x = -16. What is the remainder when 27 is divided by k?
6
Suppose 5*u = -5*k + 40, -2*u = -2*k - 0*k + 12. What is the remainder when 9/15 + 3 + (-32)/(-5) is divided by k?
3
Suppose -3*y = c - 67, -3*y = -5*c - 14 - 29. Calculate the remainder when 62 is divided by y.
20
Suppose 7*b - 60 = 3*b. Let a = b - 7. Suppose 3*r - 5*i = 40, 3*i = 2*r + 10 - 37. What is the remainder when r is divided by a?
7
Suppose -2*o + l + 16 = 0, -o - 1 = l - 6*l. Let w(j) = 2*j**2 + j - 1. What is the remainder when o is divided by w(-2)?
4
Suppose j = 4*g + 13, 0*j + 3*g + 6 = -3*j. Let h = j - 0. What is the remainder when h is divided by 1?
0
Let h(o) = -3*o + 24. What is the remainder when 83 is divided by h(-6)?
41
Let w = 34 - 7. Let d(q) = -q**3 - 9*q**2 - 8*q + 6. Calculate the remainder when w is divided by d(-8).
3
Suppose -4*t - 4*g + 68 = 0, -2*t = 5*g - 0*g - 22. Calculate the remainder when 62 is divided by t.
20
Let s = -10 - -20. Calculate the remainder when 38 is divided by s.
8
What is the remainder when (-153)/(-2) + (-5)/10 is divided by 13?
11
Let h(o) = 2*o - 2. Calculate the remainder when -2 - -21 - (0 - 3) is divided by h(5).
6
Suppose -10*w + 57 = -9*w. Calculate the remainder when w is divided by 10.
7
Let u(i) = -24*i - 13. Calculate the remainder when 113 is divided by u(-2).
8
Suppose 0 = 4*x + 3*k - 0*k, 5*x - 5*k = 35. Suppose -3*p - 27 = -x*q, 0*q - 2*p - 4 = -q. What is the remainder when q is divided by 8?
6
Let x(s) = s**3 + 14*s**2 + 10*s + 12. Let m be x(-13). What is the remainder when (-6)/(-3)*m/2 is divided by 13?
12
Let o(x) = 3*x + 19. Calculate the remainder when o(16) is divided by (-1)/((-2)/(1*46)).
21
Suppose -4*x + 198 - 50 = 0. Calculate the remainder when x is divided by 19.
18
What is the remainder when 18/12*(1 - -1)*17 is divided by 13?
12
Let q = 104 - 34. What is the remainder when q is divided by 24 - 0 - 0/3?
22
Let r(p) = -2*p**3 + 7*p**2 - 2*p + 7. Let j be r(5). What is the remainder when j/(-5) - 2/(-5) is divided by 6?
4
Suppose -31 = 5*a - 376. What is the remainder when a is divided by 24?
21
Let w(h) = -h**2 - 10*h + 13. Let v be w(-11). Suppose -36 = v*y - 6*y. Calculate the remainder when 15 is divided by y.
6
Let k(l) = 7*l + 2. Let g(t) = t - 1. Let z(b) = 4*g(b) + k(b). Calculate the remainder when 37 is divided by z(2).
17
Suppose 0 = 2*o - 3*o + 4*c + 6, -3*o = c - 5. Suppose 0 = o*h + 3 - 43. Calculate the remainder when 58 is divided by h.
18
Let l = -148 + 235. Calculate the remainder when l is divided by 32.
23
Suppose -q = 2*n - 15 + 4, 4*q - 56 = 4*n. Let d(f) = -2*f**3 - 3*f**2 - 4*f - 1. Calculate the remainder when d(-3) is divided by q.
12
Let m(x) = x**2 + x + 4. Calculate the remainder when 47 is divided by m(4).
23
Let h = -4 + 2. Let t = 99 + -69. What is the remainder when t is divided by (1 - -16) + 1 + h?
14
Let m be ((-3)/6)/((-1)/(-2)). Let j = 4 + m. Suppose 0 = 4*a - 19 + 3. Calculate the remainder when a is divided by j.
1
Let k(s) = -s + 9. Let p be k(6). Suppose 10 = -p*w + 58. Calculate the remainder when 30 is divided by w.
14
Suppose 0*o + 3*o = 15. Suppose 0 = 5*q, -o*a = -q - 127 + 12. Calculate the remainder when 45 is divided by a.
22
Suppose -5*j + 39 = 3*v - 5*v, 0 = -j - 4*v + 21. Calculate the remainder when 15 is divided by j.
6
Let g(c) = -c**2 + 3*c - 2. Let a be g(4). Calculate the remainder when 32/(-112) + 394/7 is divided by 1/(-2) - 117/a.
18
Calculate the remainder when 28 is divided by ((-90)/6)/(3/(-2)).
8
Let s = -59 - -100. Calculate the remainder when s is divided by 7.
6
Let w(m) = m**3 + 3*m**2 - 4*m + 7. Calculate the remainder when 20 is divided by w(-4).
6
Let x = 46 - 31. Suppose -2*a = -2*k + 46, -5*a + 4*k - 76 - 35 = 0. Let q = 9 - a. What is the remainder when q is divided by x?
13
Suppose 0 = -0*m + m - 7. Let b = m - -11. What is the remainder when 33 is divided by b?
15
Let z be 10*(-4)/(-30)*3. Suppose -44 = -z*i - 0*i. What is the remainder when i is divided by 4?
3
Let s be 1/(1/5) - 0. Suppose 2 - 20 = -3*b - 3*z, -s*b - z = -26. Suppose 8 = 3*o + o, c + b*o - 18 = 0. What is the remainder when 14 is divided by c?
6
Calculate the remainder when 64 is divided by 38 + -2*(-28)/(-8) + 3.
30
What is the remainder when (-4)/(-4) - 1 - -7 is divided by 3?
1
Let r = 46 - 27. Let n(c) be the second derivative of -5*c**3/3 + 5*c**2/2 + c. What is the remainder when n(-5) is divided by r?
17
Suppose -3*u + 3*t - 6*t + 189 = 0, u - 72 = -4*t. What is the remainder when u is divided by 16?
12
Let k be 13*-1 + 6 + -3. Let j = -6 - k. Calculate the remainder when 15 is divided by j.
3
Suppose -1 = k - 0. Let u(t) = 6*t**2 + 4*t. Let f(o) = -2*o**2 - o. Let d(c) = -7*f(c) - 2*u(c). Calculate the remainder when d(k) is divided by 2.
1
Let c(t) = t**2 - 3*t + 3. Let z be c(-5). Let x = z - 30. What is the remainder when 38 is divided by x?
12
Suppose 0 = -4*r + 4*f + 28, 0*f - 19 = -4*r + f. Calculate the remainder when 15 is divided by r.
3
Suppose -2*v = -w + 26, -14 - 54 = -3*w - 4*v. What is the remainder when 93 is divided by w?
21
Suppose 4 = 2*k - 6. Calculate the remainder when 17 is divided by k.
2
Let u be 2*((-15)/(-6) - 2). Suppose 0 = -n + 5 - u. Calculate the remainder when 22 is divided by (84/(-49))/(n/(-14)).
4
Let n(c) = -c**3 + 13*c**2 - 11*c - 9. Let x be n(12). Suppose -x*t - 57 = -4*t. Calculate the remainder when t is divided by 20.
17
Let c(n) = -3*n**2 + 5*n**2 + 4 - 3*n**2 + 2*n. Let p be c(6). What is the remainder when 14 is divided by (48/p)/(3/(-10))?
6
Let j(o) = -o**3 + 4*o**2 + 2*o - 5. Let l(m) = 2*m. Let n be l(2). Suppose 0 = n*f - 0*f - 12. What is the remainder when f is divided by j(4)?
0
Let p = -3 - -7. Suppose 4*i + l = 149, -3*l - 161 = -4*i - 0*i. Sup